{"id":293,"date":"2020-03-31T13:03:15","date_gmt":"2020-03-31T11:03:15","guid":{"rendered":"http:\/\/www.siscaonline.it\/joomla\/2019\/?page_id=293"},"modified":"2020-03-31T13:24:59","modified_gmt":"2020-03-31T11:24:59","slug":"pandemia-e-musei-2-0-la-cultura-on-line","status":"publish","type":"page","link":"https:\/\/www.siscaonline.it\/joomla\/2019\/pandemia-e-musei-2-0-la-cultura-on-line\/","title":{"rendered":"PANDEMIA E MUSEI 2.0: LA CULTURA ON-LINE?"},"content":{"rendered":"\n<p style=\"text-align:center\"><strong>di Kaspar F. Neichel 2.0<\/strong><\/p>\n\n\n\n<div class=\"wp-block-image\"><figure class=\"aligncenter\"><img loading=\"lazy\" width=\"512\" height=\"371\" src=\"http:\/\/www.siscaonline.it\/joomla\/2019\/wp-content\/uploads\/2020\/03\/01-1.jpg\" alt=\"\" class=\"wp-image-294\" srcset=\"https:\/\/www.siscaonline.it\/joomla\/2019\/wp-content\/uploads\/2020\/03\/01-1.jpg 512w, https:\/\/www.siscaonline.it\/joomla\/2019\/wp-content\/uploads\/2020\/03\/01-1-300x217.jpg 300w\" sizes=\"(max-width: 512px) 100vw, 512px\" \/><\/figure><\/div>\n\n\n\n<p class=\"has-drop-cap justify-text\">Da quando \u00e8 stata dichiarata l\u2019emergenza sanitaria nazionale e la Pandemia mondiale, per coloro che <strong>di musei vivono<\/strong>, <strong>nei musei vivono, nei musei lavorano, nei musei studiano<\/strong>,\n una domanda fondamentale si \u00e8 posta immediatamente: come reagire a \nquesta sospensione necessaria, e per il momento a tempo indeterminato? <br><\/p>\n\n\n\n<p class=\"justify-text\">Potr\u00e0 apparire un quesito che stride con le \npriorit\u00e0 di curare i malati e mettere al sicuro la popolazione dalle \ninsidie del \u201cnemico invisibile\u201d, niente di paragonabile sia chiaro a ci\u00f2\n che si dovrebbe temere e fare in caso di guerra, fronteggiandone le \nconseguenze. Il danno della Pandemia Covid-19 si sta per\u00f2 rivelando \ngrave e di proporzioni in prospettiva indefinibili anche per il mondo \ndella Cultura e della sua vasta economia.  <\/p>\n\n\n\n<p class=\"justify-text\">La famosa deleteria frase pronunciata dieci anni  fa dall\u2019allora Ministro dell\u2019Economia Tremonti che rispondeva a Sandro  Bondi: \u201ccon la cultura non si mangia\u201d rivela ancora una volta la  pochezza cognitiva, valutativa e di prospettiva. Da quando sono chiusi  teatri, sale di concerto, musei e mostre e con essi scuole e universit\u00e0,  si \u00e8 probabilmente compreso meglio quale ruolo svolgano nelle nostre  vite le risorse della conoscenza e i cos\u00ec detti \u201cconsumi culturali\u201d. <\/p>\n\n\n\n<div class=\"wp-block-image\"><figure class=\"aligncenter\"><img loading=\"lazy\" width=\"500\" height=\"333\" src=\"http:\/\/www.siscaonline.it\/joomla\/2019\/wp-content\/uploads\/2020\/03\/02-1.jpg\" alt=\"\" class=\"wp-image-295\" srcset=\"https:\/\/www.siscaonline.it\/joomla\/2019\/wp-content\/uploads\/2020\/03\/02-1.jpg 500w, https:\/\/www.siscaonline.it\/joomla\/2019\/wp-content\/uploads\/2020\/03\/02-1-300x200.jpg 300w\" sizes=\"(max-width: 500px) 100vw, 500px\" \/><\/figure><\/div>\n\n\n\n<p class=\"justify-text\">A seguito del Decreto\nLegge \u201cCura Italia\u201d del 17 marzo <strong>\u00e8\nfermo il turismo<\/strong>, <strong>sono chiuse\nbiblioteche e librerie<\/strong>, che ne \u00e8 del&nbsp;Museo secondo la definizione\ndell\u2019ICOM?: <\/p>\n\n\n\n<p class=\"justify-text\">\u201c<strong>Istituzione permanente<\/strong>, <strong>senza scopo di lucro, al servizio della societ\u00e0<\/strong>, e del suo sviluppo, <strong>aperta al pubblico<\/strong>, che effettua ricerche sulle <strong>testimonianze materiali<\/strong> ed immateriali dell\u2019uomo e del suo ambiente, le acquisisce, le conserva, e <strong>le comunica e specificatamente le espone per scopi di studio, educazione e diletto<\/strong>\u201d. <\/p>\n\n\n\n<p class=\"justify-text\">In questi giorni sono proliferate in rete le possibilit\u00e0 <em>\u00e0 la carte<\/em>  per supplire alla sospensione di apertura di musei e mostre con video e  contenuti digitali espressamente realizzati per il pubblico costretto a  casa. Per fare qualche esempio sono state organizzate anche visite \u201cin  diretta\u201c come quella effettuata in italiano <a href=\"https:\/\/www.youtube.com\/watch?v=_iX9c7o3zQc&amp;fbclid=IwAR3N5LqVRSKA8RgjcDouKoskT3IynVuXry5HtfcdZfvbV_iS_a8pdKjJB5w\">dall\u2019Hermitage a San Pietroburgo<\/a>, le passeggiate alla mostra dell\u2019anno nella sezione <a href=\"https:\/\/www.scuderiequirinale.it\/media\/una-passeggiata-in-mostra?fbclid=IwAR3wIOs83XuwjFefcZN3df_Euplwx3YS0lOKDFAQOmdNrcsd9ekfYgq7lTY\">\u201cOltre Raffaello<\/a>\u201d del sito delle Scuderie del Quirinale o l\u2019iniziativa <a href=\"https:\/\/www.maxxi.art\/iorestoacasa\/\">#iorestoacasa<\/a>  del Museo MAXXI. La Pinacoteca di Brera \u00e8 stata probabilmente la prima a  lanciare nel web i video con hashtag programmatici Voci dal  museo,&nbsp;myBrera e l\u2019iniziativa <a href=\"https:\/\/pinacotecabrera.org\/media\/appunti-per-una-resistenza-culturale-24\/\">Appunti per una Resistenza culturale<\/a>. La Lombardia gravemente colpita reagisce e resiste. <\/p>\n\n\n\n<div class=\"wp-block-image\"><figure class=\"aligncenter\"><img loading=\"lazy\" width=\"1024\" height=\"617\" src=\"http:\/\/www.siscaonline.it\/joomla\/2019\/wp-content\/uploads\/2020\/03\/03-3-1024x617.png\" alt=\"\" class=\"wp-image-296\" srcset=\"https:\/\/www.siscaonline.it\/joomla\/2019\/wp-content\/uploads\/2020\/03\/03-3-1024x617.png 1024w, https:\/\/www.siscaonline.it\/joomla\/2019\/wp-content\/uploads\/2020\/03\/03-3-300x181.png 300w, https:\/\/www.siscaonline.it\/joomla\/2019\/wp-content\/uploads\/2020\/03\/03-3-768x463.png 768w, https:\/\/www.siscaonline.it\/joomla\/2019\/wp-content\/uploads\/2020\/03\/03-3.png 1231w\" sizes=\"(max-width: 1024px) 100vw, 1024px\" \/><\/figure><\/div>\n\n\n\n<p class=\"justify-text\"><a href=\"https:\/\/www.artribune.com\/arti-visive\/arte-contemporanea\/2020\/03\/iorestoacasa-musei-covid-19-contenuti-online-guida\/\">Non\n\u00e8 solo l\u2019Italia a rispondere alla triste<\/a> ma necessaria condizione di\nsospensione, sul <a href=\"https:\/\/www.theguardian.com\/travel\/2020\/mar\/23\/10-of-the-worlds-best-virtual-museum-and-art-gallery-tours?fbclid=IwAR27da1AitUjWVM6Zw2zJy-A-Oa6WWp7o3OMgGzYuotOiM5LD3NIJZtdr10\">Guardian\ndi qualche giorno fa un articolo elencava dieci musei del mondo <\/a>&nbsp;da visitare a distanza. Questa condizione\nobbligata pu\u00f2 offrire varie opportunit\u00e0 se colta con un approccio nuovo allo\nsviluppo della conoscenza. La digitalizzazione del Patrimonio \u00e8 una realt\u00e0 da\nmolti anni, il dibattito teorico non \u00e8 tuttavia entrato pienamente come avrebbe\npotuto nell\u2019orizzonte della riflessione critica.<\/p>\n\n\n\n<p class=\"justify-text\">Il fenomeno \u00e8 globale e suscita alcune considerazioni su cui\n\u00e8 bene aprire un dialogo di cui vogliamo farci promotori:<\/p>\n\n\n\n<p class=\"justify-text\"><strong>1. La dimensione\ndigitale del Museo non si pu\u00f2 improvvisare, richiede competenza, risorse,\ninfrastrutture adeguate.<\/strong><\/p>\n\n\n\n<p class=\"justify-text\"><strong>2. Senza la\ndisponibilit\u00e0 di connessione stabile, l\u2019intera creazione di contenuti viene\ndanneggiata nell\u2019intermittenza e dai rallentamenti, come sperimenta negativamente\nchiunque stia conducendo esperienze di insegnamento via web in tempo reale. Il\nritardo digitale rispetto al resto del mondo \u00e8 una drammatica realt\u00e0 che pone\nproblemi di eguaglianza di accesso alla cultura e ai diritti dei cittadini di\nquesto paese.<\/strong><\/p>\n\n\n\n<p class=\"justify-text\"><strong>3. Se la connessione tra Museo e \npubblico in questo momento drammatico \u00e8 possibile solo attraverso i \ncanali digitali e social bisognerebbe cogliere l\u2019occasione per \ncomprendere che non esiste un \u201cdentro\u201d e un \u201cfuori\u201d del Museo nelle \npotenzialit\u00e0 interrelate e multimediali offerte dalla digitalizzazione \ndel patrimonio.<\/strong><\/p>\n\n\n\n<p class=\"justify-text\"><strong> 4. Il web e i social (fb, instagram,  twitter) non sono superficiali strumenti di comunicazione o promozione,  utilizzati come svago o perdita di tempo, ma un \u201cluogo\u201d tecnologico e  creativo, un pezzo di mondo presente interrelato con il passato e il  futuro. Strumenti divenuti essenziali che offrono una condivisione  estensibile con il mondo fisico, individuando le sue sfumature e valori  che mai prima d\u2019oggi erano forse giunti al piano della consapevolezza  collettiva.<\/strong><\/p>\n\n\n\n<div class=\"wp-block-image\"><figure class=\"aligncenter\"><img loading=\"lazy\" width=\"1024\" height=\"735\" src=\"http:\/\/www.siscaonline.it\/joomla\/2019\/wp-content\/uploads\/2020\/03\/04-3-1024x735.png\" alt=\"\" class=\"wp-image-297\" srcset=\"https:\/\/www.siscaonline.it\/joomla\/2019\/wp-content\/uploads\/2020\/03\/04-3-1024x735.png 1024w, https:\/\/www.siscaonline.it\/joomla\/2019\/wp-content\/uploads\/2020\/03\/04-3-300x215.png 300w, https:\/\/www.siscaonline.it\/joomla\/2019\/wp-content\/uploads\/2020\/03\/04-3-768x551.png 768w, https:\/\/www.siscaonline.it\/joomla\/2019\/wp-content\/uploads\/2020\/03\/04-3-1337x960.png 1337w, https:\/\/www.siscaonline.it\/joomla\/2019\/wp-content\/uploads\/2020\/03\/04-3.png 1393w\" sizes=\"(max-width: 1024px) 100vw, 1024px\" \/><\/figure><\/div>\n\n\n\n<p class=\"justify-text\"> Volendo aprire un percorso di riflessione sul fenomeno della <strong>Museographia 2.0,<\/strong> per evocare &nbsp;<strong>Kaspar F. Neichel e la sua celebre opera del 1727<\/strong>\u2013  \u00e8 iniziata una raccolta di link e informazioni per una prima mappatura  tramite un \u201cgruppo facebook\u201d aperto alla collaborazione di tutti dal  nome <a href=\"https:\/\/www.facebook.com\/groups\/267960100868380\/\">Pandemic Resistance Museums&nbsp; \u2013 PRM<\/a>. Seguir\u00e0 un questionario che verr\u00e0 condiviso sul web.  <\/p>\n\n\n\n<div class=\"wp-block-image\"><figure class=\"aligncenter\"><img loading=\"lazy\" width=\"757\" height=\"1024\" src=\"http:\/\/www.siscaonline.it\/joomla\/2019\/wp-content\/uploads\/2020\/03\/05-1-757x1024.jpg\" alt=\"\" class=\"wp-image-298\" srcset=\"https:\/\/www.siscaonline.it\/joomla\/2019\/wp-content\/uploads\/2020\/03\/05-1-757x1024.jpg 757w, https:\/\/www.siscaonline.it\/joomla\/2019\/wp-content\/uploads\/2020\/03\/05-1-222x300.jpg 222w, https:\/\/www.siscaonline.it\/joomla\/2019\/wp-content\/uploads\/2020\/03\/05-1-768x1038.jpg 768w, https:\/\/www.siscaonline.it\/joomla\/2019\/wp-content\/uploads\/2020\/03\/05-1-710x960.jpg 710w, https:\/\/www.siscaonline.it\/joomla\/2019\/wp-content\/uploads\/2020\/03\/05-1.jpg 1028w\" sizes=\"(max-width: 757px) 100vw, 757px\" \/><\/figure><\/div>\n\n\n\n<div class=\"wp-block-image\"><figure class=\"aligncenter\"><img loading=\"lazy\" width=\"640\" height=\"360\" src=\"http:\/\/www.siscaonline.it\/joomla\/2019\/wp-content\/uploads\/2020\/03\/06-1.jpg\" alt=\"\" class=\"wp-image-299\" srcset=\"https:\/\/www.siscaonline.it\/joomla\/2019\/wp-content\/uploads\/2020\/03\/06-1.jpg 640w, https:\/\/www.siscaonline.it\/joomla\/2019\/wp-content\/uploads\/2020\/03\/06-1-300x169.jpg 300w\" sizes=\"(max-width: 640px) 100vw, 640px\" \/><\/figure><\/div>\n\n\n\n<p class=\"justify-text\">\nIn nome del <em>Mus\u00e9e\nimaginaire<\/em> di Andr\u00e9 Malraux il dibattito su questo blog \u00e8 aperto!\n\n\n\n\n\n<\/p>\n","protected":false},"excerpt":{"rendered":"<p>di Kaspar F. Neichel 2.0 Da quando \u00e8 stata dichiarata l\u2019emergenza sanitaria nazionale e la Pandemia mondiale, per coloro che di musei vivono, nei musei vivono, nei musei lavorano, nei musei studiano, una domanda fondamentale si \u00e8 posta immediatamente: come reagire a questa sospensione necessaria, e per il momento a tempo indeterminato? Potr\u00e0 apparire un [&hellip;]<\/p>\n<a href=\"https:\/\/www.siscaonline.it\/joomla\/2019\/pandemia-e-musei-2-0-la-cultura-on-line\/\" class=\"more-link\">Read More <span class=\"screen-reader-text\">PANDEMIA E MUSEI 2.0: LA CULTURA ON-LINE?<\/span><\/a>","protected":false},"author":1,"featured_media":300,"parent":0,"menu_order":0,"comment_status":"open","ping_status":"closed","template":"","meta":{"ngg_post_thumbnail":0},"_links":{"self":[{"href":"https:\/\/www.siscaonline.it\/joomla\/2019\/wp-json\/wp\/v2\/pages\/293"}],"collection":[{"href":"https:\/\/www.siscaonline.it\/joomla\/2019\/wp-json\/wp\/v2\/pages"}],"about":[{"href":"https:\/\/www.siscaonline.it\/joomla\/2019\/wp-json\/wp\/v2\/types\/page"}],"author":[{"embeddable":true,"href":"https:\/\/www.siscaonline.it\/joomla\/2019\/wp-json\/wp\/v2\/users\/1"}],"replies":[{"embeddable":true,"href":"https:\/\/www.siscaonline.it\/joomla\/2019\/wp-json\/wp\/v2\/comments?post=293"}],"version-history":[{"count":5,"href":"https:\/\/www.siscaonline.it\/joomla\/2019\/wp-json\/wp\/v2\/pages\/293\/revisions"}],"predecessor-version":[{"id":319,"href":"https:\/\/www.siscaonline.it\/joomla\/2019\/wp-json\/wp\/v2\/pages\/293\/revisions\/319"}],"wp:featuredmedia":[{"embeddable":true,"href":"https:\/\/www.siscaonline.it\/joomla\/2019\/wp-json\/wp\/v2\/media\/300"}],"wp:attachment":[{"href":"https:\/\/www.siscaonline.it\/joomla\/2019\/wp-json\/wp\/v2\/media?parent=293"}],"curies":[{"name":"wp","href":"https:\/\/api.w.org\/{rel}","templated":true}]}}

<p style="text-align:center"><strong>di Kaspar F. Neichel 2.0</strong></p>



<div class="wp-block-image"><figure class="aligncenter"><img loading="lazy" width="512" height="371" src="http://www.siscaonline.it/joomla/2019/wp-content/uploads/2020/03/01-1.jpg" alt="" class="wp-image-294" srcset="https://www.siscaonline.it/joomla/2019/wp-content/uploads/2020/03/01-1.jpg 512w, https://www.siscaonline.it/joomla/2019/wp-content/uploads/2020/03/01-1-300x217.jpg 300w" sizes="(max-width: 512px) 100vw, 512px" /></figure></div>



<p class="has-drop-cap justify-text">Da quando è stata dichiarata l’emergenza sanitaria nazionale e la Pandemia mondiale, per coloro che <strong>di musei vivono</strong>, <strong>nei musei vivono, nei musei lavorano, nei musei studiano</strong>,
 una domanda fondamentale si è posta immediatamente: come reagire a 
questa sospensione necessaria, e per il momento a tempo indeterminato? <br></p>



<p class="justify-text">Potrà apparire un quesito che stride con le 
priorità di curare i malati e mettere al sicuro la popolazione dalle 
insidie del “nemico invisibile”, niente di paragonabile sia chiaro a ciò
 che si dovrebbe temere e fare in caso di guerra, fronteggiandone le 
conseguenze. Il danno della Pandemia Covid-19 si sta però rivelando 
grave e di proporzioni in prospettiva indefinibili anche per il mondo 
della Cultura e della sua vasta economia.  </p>



<p class="justify-text">La famosa deleteria frase pronunciata dieci anni  fa dall’allora Ministro dell’Economia Tremonti che rispondeva a Sandro  Bondi: “con la cultura non si mangia” rivela ancora una volta la  pochezza cognitiva, valutativa e di prospettiva. Da quando sono chiusi  teatri, sale di concerto, musei e mostre e con essi scuole e università,  si è probabilmente compreso meglio quale ruolo svolgano nelle nostre  vite le risorse della conoscenza e i così detti “consumi culturali”. </p>



<div class="wp-block-image"><figure class="aligncenter"><img loading="lazy" width="500" height="333" src="http://www.siscaonline.it/joomla/2019/wp-content/uploads/2020/03/02-1.jpg" alt="" class="wp-image-295" srcset="https://www.siscaonline.it/joomla/2019/wp-content/uploads/2020/03/02-1.jpg 500w, https://www.siscaonline.it/joomla/2019/wp-content/uploads/2020/03/02-1-300x200.jpg 300w" sizes="(max-width: 500px) 100vw, 500px" /></figure></div>



<p class="justify-text">A seguito del Decreto
Legge “Cura Italia” del 17 marzo <strong>è
fermo il turismo</strong>, <strong>sono chiuse
biblioteche e librerie</strong>, che ne è del&nbsp;Museo secondo la definizione
dell’ICOM?: </p>



<p class="justify-text">“<strong>Istituzione permanente</strong>, <strong>senza scopo di lucro, al servizio della società</strong>, e del suo sviluppo, <strong>aperta al pubblico</strong>, che effettua ricerche sulle <strong>testimonianze materiali</strong> ed immateriali dell’uomo e del suo ambiente, le acquisisce, le conserva, e <strong>le comunica e specificatamente le espone per scopi di studio, educazione e diletto</strong>”. </p>



<p class="justify-text">In questi giorni sono proliferate in rete le possibilità <em>à la carte</em>  per supplire alla sospensione di apertura di musei e mostre con video e  contenuti digitali espressamente realizzati per il pubblico costretto a  casa. Per fare qualche esempio sono state organizzate anche visite “in  diretta“ come quella effettuata in italiano <a href="https://www.youtube.com/watch?v=_iX9c7o3zQc&amp;fbclid=IwAR3N5LqVRSKA8RgjcDouKoskT3IynVuXry5HtfcdZfvbV_iS_a8pdKjJB5w">dall’Hermitage a San Pietroburgo</a>, le passeggiate alla mostra dell’anno nella sezione <a href="https://www.scuderiequirinale.it/media/una-passeggiata-in-mostra?fbclid=IwAR3wIOs83XuwjFefcZN3df_Euplwx3YS0lOKDFAQOmdNrcsd9ekfYgq7lTY">“Oltre Raffaello</a>” del sito delle Scuderie del Quirinale o l’iniziativa <a href="https://www.maxxi.art/iorestoacasa/">#iorestoacasa</a>  del Museo MAXXI. La Pinacoteca di Brera è stata probabilmente la prima a  lanciare nel web i video con hashtag programmatici Voci dal  museo,&nbsp;myBrera e l’iniziativa <a href="https://pinacotecabrera.org/media/appunti-per-una-resistenza-culturale-24/">Appunti per una Resistenza culturale</a>. La Lombardia gravemente colpita reagisce e resiste. </p>



<div class="wp-block-image"><figure class="aligncenter"><img loading="lazy" width="1024" height="617" src="http://www.siscaonline.it/joomla/2019/wp-content/uploads/2020/03/03-3-1024x617.png" alt="" class="wp-image-296" srcset="https://www.siscaonline.it/joomla/2019/wp-content/uploads/2020/03/03-3-1024x617.png 1024w, https://www.siscaonline.it/joomla/2019/wp-content/uploads/2020/03/03-3-300x181.png 300w, https://www.siscaonline.it/joomla/2019/wp-content/uploads/2020/03/03-3-768x463.png 768w, https://www.siscaonline.it/joomla/2019/wp-content/uploads/2020/03/03-3.png 1231w" sizes="(max-width: 1024px) 100vw, 1024px" /></figure></div>



<p class="justify-text"><a href="https://www.artribune.com/arti-visive/arte-contemporanea/2020/03/iorestoacasa-musei-covid-19-contenuti-online-guida/">Non
è solo l’Italia a rispondere alla triste</a> ma necessaria condizione di
sospensione, sul <a href="https://www.theguardian.com/travel/2020/mar/23/10-of-the-worlds-best-virtual-museum-and-art-gallery-tours?fbclid=IwAR27da1AitUjWVM6Zw2zJy-A-Oa6WWp7o3OMgGzYuotOiM5LD3NIJZtdr10">Guardian
di qualche giorno fa un articolo elencava dieci musei del mondo </a>&nbsp;da visitare a distanza. Questa condizione
obbligata può offrire varie opportunità se colta con un approccio nuovo allo
sviluppo della conoscenza. La digitalizzazione del Patrimonio è una realtà da
molti anni, il dibattito teorico non è tuttavia entrato pienamente come avrebbe
potuto nell’orizzonte della riflessione critica.</p>



<p class="justify-text">Il fenomeno è globale e suscita alcune considerazioni su cui
è bene aprire un dialogo di cui vogliamo farci promotori:</p>



<p class="justify-text"><strong>1. La dimensione
digitale del Museo non si può improvvisare, richiede competenza, risorse,
infrastrutture adeguate.</strong></p>



<p class="justify-text"><strong>2. Senza la
disponibilità di connessione stabile, l’intera creazione di contenuti viene
danneggiata nell’intermittenza e dai rallentamenti, come sperimenta negativamente
chiunque stia conducendo esperienze di insegnamento via web in tempo reale. Il
ritardo digitale rispetto al resto del mondo è una drammatica realtà che pone
problemi di eguaglianza di accesso alla cultura e ai diritti dei cittadini di
questo paese.</strong></p>



<p class="justify-text"><strong>3. Se la connessione tra Museo e 
pubblico in questo momento drammatico è possibile solo attraverso i 
canali digitali e social bisognerebbe cogliere l’occasione per 
comprendere che non esiste un “dentro” e un “fuori” del Museo nelle 
potenzialità interrelate e multimediali offerte dalla digitalizzazione 
del patrimonio.</strong></p>



<p class="justify-text"><strong> 4. Il web e i social (fb, instagram,  twitter) non sono superficiali strumenti di comunicazione o promozione,  utilizzati come svago o perdita di tempo, ma un “luogo” tecnologico e  creativo, un pezzo di mondo presente interrelato con il passato e il  futuro. Strumenti divenuti essenziali che offrono una condivisione  estensibile con il mondo fisico, individuando le sue sfumature e valori  che mai prima d’oggi erano forse giunti al piano della consapevolezza  collettiva.</strong></p>



<div class="wp-block-image"><figure class="aligncenter"><img loading="lazy" width="1024" height="735" src="http://www.siscaonline.it/joomla/2019/wp-content/uploads/2020/03/04-3-1024x735.png" alt="" class="wp-image-297" srcset="https://www.siscaonline.it/joomla/2019/wp-content/uploads/2020/03/04-3-1024x735.png 1024w, https://www.siscaonline.it/joomla/2019/wp-content/uploads/2020/03/04-3-300x215.png 300w, https://www.siscaonline.it/joomla/2019/wp-content/uploads/2020/03/04-3-768x551.png 768w, https://www.siscaonline.it/joomla/2019/wp-content/uploads/2020/03/04-3-1337x960.png 1337w, https://www.siscaonline.it/joomla/2019/wp-content/uploads/2020/03/04-3.png 1393w" sizes="(max-width: 1024px) 100vw, 1024px" /></figure></div>



<p class="justify-text"> Volendo aprire un percorso di riflessione sul fenomeno della <strong>Museographia 2.0,</strong> per evocare &nbsp;<strong>Kaspar F. Neichel e la sua celebre opera del 1727</strong>–  è iniziata una raccolta di link e informazioni per una prima mappatura  tramite un “gruppo facebook” aperto alla collaborazione di tutti dal  nome <a href="https://www.facebook.com/groups/267960100868380/">Pandemic Resistance Museums&nbsp; – PRM</a>. Seguirà un questionario che verrà condiviso sul web.  </p>



<div class="wp-block-image"><figure class="aligncenter"><img loading="lazy" width="757" height="1024" src="http://www.siscaonline.it/joomla/2019/wp-content/uploads/2020/03/05-1-757x1024.jpg" alt="" class="wp-image-298" srcset="https://www.siscaonline.it/joomla/2019/wp-content/uploads/2020/03/05-1-757x1024.jpg 757w, https://www.siscaonline.it/joomla/2019/wp-content/uploads/2020/03/05-1-222x300.jpg 222w, https://www.siscaonline.it/joomla/2019/wp-content/uploads/2020/03/05-1-768x1038.jpg 768w, https://www.siscaonline.it/joomla/2019/wp-content/uploads/2020/03/05-1-710x960.jpg 710w, https://www.siscaonline.it/joomla/2019/wp-content/uploads/2020/03/05-1.jpg 1028w" sizes="(max-width: 757px) 100vw, 757px" /></figure></div>



<div class="wp-block-image"><figure class="aligncenter"><img loading="lazy" width="640" height="360" src="http://www.siscaonline.it/joomla/2019/wp-content/uploads/2020/03/06-1.jpg" alt="" class="wp-image-299" srcset="https://www.siscaonline.it/joomla/2019/wp-content/uploads/2020/03/06-1.jpg 640w, https://www.siscaonline.it/joomla/2019/wp-content/uploads/2020/03/06-1-300x169.jpg 300w" sizes="(max-width: 640px) 100vw, 640px" /></figure></div>



<p class="justify-text">
In nome del <em>Musée
imaginaire</em> di André Malraux il dibattito su questo blog è aperto!





</p>

<p>di Kaspar F. Neichel 2.0 Da quando è stata dichiarata l’emergenza sanitaria nazionale e la Pandemia mondiale, per coloro che di musei vivono, nei musei vivono, nei musei lavorano, nei musei studiano, una domanda fondamentale si è posta immediatamente: come reagire a questa sospensione necessaria, e per il momento a tempo indeterminato? Potrà apparire un [&hellip;]</p>
<a href="https://www.siscaonline.it/joomla/2019/pandemia-e-musei-2-0-la-cultura-on-line/" class="more-link">Read More <span class="screen-reader-text">PANDEMIA E MUSEI 2.0: LA CULTURA ON-LINE?</span></a>
